{"id":220,"date":"2024-04-17T09:37:48","date_gmt":"2024-04-17T09:37:48","guid":{"rendered":"https:\/\/www.ctai.fr\/?page_id=220"},"modified":"2024-05-15T13:31:14","modified_gmt":"2024-05-15T13:31:14","slug":"materiel","status":"publish","type":"page","link":"https:\/\/www.ctai.fr\/?page_id=220","title":{"rendered":"Mat\u00e9riel"},"content":{"rendered":"\t\t<div data-elementor-type=\"wp-page\" data-elementor-id=\"220\" class=\"elementor elementor-220\" data-elementor-post-type=\"page\">\n\t\t\t\t<div class=\"elementor-element elementor-element-5cb92b9 e-flex e-con-boxed e-con e-parent\" data-id=\"5cb92b9\" data-element_type=\"container\" data-settings=\"{&quot;background_background&quot;:&quot;gradient&quot;,&quot;shape_divider_bottom&quot;:&quot;waves&quot;}\">\n\t\t\t\t\t<div class=\"e-con-inner\">\n\t\t\t\t<div class=\"elementor-shape elementor-shape-bottom\" data-negative=\"false\">\n\t\t\t<svg xmlns=\"http:\/\/www.w3.org\/2000\/svg\" viewBox=\"0 0 1000 100\" preserveAspectRatio=\"none\">\n\t<path class=\"elementor-shape-fill\" d=\"M421.9,6.5c22.6-2.5,51.5,0.4,75.5,5.3c23.6,4.9,70.9,23.5,100.5,35.7c75.8,32.2,133.7,44.5,192.6,49.7\n\tc23.6,2.1,48.7,3.5,103.4-2.5c54.7-6,106.2-25.6,106.2-25.6V0H0v30.3c0,0,72,32.6,158.4,30.5c39.2-0.7,92.8-6.7,134-22.4\n\tc21.2-8.1,52.2-18.2,79.7-24.2C399.3,7.9,411.6,7.5,421.9,6.5z\"\/>\n<\/svg>\t\t<\/div>\n\t\t\t\t<div class=\"elementor-element elementor-element-4827fe54 elementor-widget elementor-widget-heading\" data-id=\"4827fe54\" data-element_type=\"widget\" data-widget_type=\"heading.default\">\n\t\t\t\t<div class=\"elementor-widget-container\">\n\t\t\t<style>\/*! elementor - v3.21.0 - 26-05-2024 *\/\n.elementor-heading-title{padding:0;margin:0;line-height:1}.elementor-widget-heading .elementor-heading-title[class*=elementor-size-]>a{color:inherit;font-size:inherit;line-height:inherit}.elementor-widget-heading .elementor-heading-title.elementor-size-small{font-size:15px}.elementor-widget-heading .elementor-heading-title.elementor-size-medium{font-size:19px}.elementor-widget-heading .elementor-heading-title.elementor-size-large{font-size:29px}.elementor-widget-heading .elementor-heading-title.elementor-size-xl{font-size:39px}.elementor-widget-heading .elementor-heading-title.elementor-size-xxl{font-size:59px}<\/style><h3 class=\"elementor-heading-title elementor-size-default\">Le CTAI propose des solutions en mat\u00e9riel informatique\nadapt\u00e9es aux besoins de l\u2019entreprise. \n\n\u200b<\/h3>\t\t<\/div>\n\t\t\t\t<\/div>\n\t\t\t\t<div class=\"elementor-element elementor-element-faffc5d elementor-widget elementor-widget-heading\" data-id=\"faffc5d\" data-element_type=\"widget\" data-widget_type=\"heading.default\">\n\t\t\t\t<div class=\"elementor-widget-container\">\n\t\t\t<h1 class=\"elementor-heading-title elementor-size-default\">Mat\u00e9riel informatique<\/h1>\t\t<\/div>\n\t\t\t\t<\/div>\n\t\t\t\t\t<\/div>\n\t\t\t\t<\/div>\n\t\t<div class=\"elementor-element elementor-element-ce81703 e-flex e-con-boxed e-con e-parent\" data-id=\"ce81703\" data-element_type=\"container\">\n\t\t\t\t\t<div class=\"e-con-inner\">\n\t\t<div class=\"elementor-element elementor-element-248b85a e-con-full e-flex e-con e-child\" data-id=\"248b85a\" data-element_type=\"container\">\n\t\t\t\t<div class=\"elementor-element elementor-element-a10defa elementor-widget elementor-widget-image\" data-id=\"a10defa\" data-element_type=\"widget\" data-widget_type=\"image.default\">\n\t\t\t\t<div class=\"elementor-widget-container\">\n\t\t\t<style>\/*! elementor - v3.21.0 - 26-05-2024 *\/\n.elementor-widget-image{text-align:center}.elementor-widget-image a{display:inline-block}.elementor-widget-image a img[src$=\".svg\"]{width:48px}.elementor-widget-image img{vertical-align:middle;display:inline-block}<\/style>\t\t\t\t\t\t\t\t\t\t<img decoding=\"async\" src=\"https:\/\/www.ctai.fr\/wp-content\/uploads\/elementor\/thumbs\/laptop-graphics-tablet-desk-scaled-qmxivp2scr23naqbfvz5lpwqx2ifvdcxm069kpyq48.jpg\" title=\"Mat\u00e9riel\" alt=\"Mat\u00e9riel\" loading=\"lazy\" \/>\t\t\t\t\t\t\t\t\t\t\t\t\t<\/div>\n\t\t\t\t<\/div>\n\t\t\t\t<\/div>\n\t\t<div class=\"elementor-element elementor-element-adb0428 e-con-full e-flex e-con e-child\" data-id=\"adb0428\" data-element_type=\"container\">\n\t\t\t\t<div class=\"elementor-element elementor-element-1c9bd9d elementor-widget elementor-widget-text-editor\" data-id=\"1c9bd9d\" data-element_type=\"widget\" data-widget_type=\"text-editor.default\">\n\t\t\t\t<div class=\"elementor-widget-container\">\n\t\t\t<style>\/*! elementor - v3.21.0 - 26-05-2024 *\/\n.elementor-widget-text-editor.elementor-drop-cap-view-stacked .elementor-drop-cap{background-color:#69727d;color:#fff}.elementor-widget-text-editor.elementor-drop-cap-view-framed .elementor-drop-cap{color:#69727d;border:3px solid;background-color:transparent}.elementor-widget-text-editor:not(.elementor-drop-cap-view-default) .elementor-drop-cap{margin-top:8px}.elementor-widget-text-editor:not(.elementor-drop-cap-view-default) .elementor-drop-cap-letter{width:1em;height:1em}.elementor-widget-text-editor .elementor-drop-cap{float:left;text-align:center;line-height:1;font-size:50px}.elementor-widget-text-editor .elementor-drop-cap-letter{display:inline-block}<\/style>\t\t\t\t<p style=\"text-align: center;\"><strong>Ordinateur fixe ou serveur d\u00e9di\u00e9<\/strong><\/p><p style=\"text-align: center;\"><strong>Ordinateur portable Ordinateur tout-en-un<\/strong><\/p><p style=\"text-align: center;\"><strong>Solutions d&#8217;impressions<\/strong><\/p><p style=\"text-align: center;\"><strong>Solutions de sauvegardes NAS<\/strong><\/p><p style=\"text-align: center;\"><strong>Assistance syst\u00e8me (mises \u00e0 jour, plantage, virus&#8230;)<\/strong><\/p><p style=\"text-align: center;\"><strong>Installation du mat\u00e9riel et configuration des appareils<\/strong><\/p><p style=\"text-align: center;\"><strong>Mise en r\u00e9seau, installation d&#8217;applications<\/strong><\/p>\t\t\t\t\t\t<\/div>\n\t\t\t\t<\/div>\n\t\t\t\t<\/div>\n\t\t\t\t\t<\/div>\n\t\t\t\t<\/div>\n\t\t<div class=\"elementor-element elementor-element-2f35a297 e-con-full e-flex e-con e-parent\" data-id=\"2f35a297\" data-element_type=\"container\" data-settings=\"{&quot;background_background&quot;:&quot;classic&quot;}\">\n\t\t\t\t<div class=\"elementor-element elementor-element-6973c51e elementor-widget elementor-widget-text-editor\" data-id=\"6973c51e\" data-element_type=\"widget\" data-widget_type=\"text-editor.default\">\n\t\t\t\t<div class=\"elementor-widget-container\">\n\t\t\t\t\t\t\t<p>Que vous cherchiez \u00e0 mettre \u00e0 niveau votre infrastructure informatique existante, \u00e0 \u00e9quiper un nouveau bureau ou \u00e0 r\u00e9soudre des probl\u00e8mes de performance, le CTAI sera votre partenaire de confiance pour tous vos besoins en mat\u00e9riel informatique. Gr\u00e2ce \u00e0 notre expertise et \u00e0 notre engagement sur la qualit\u00e9 de nos services et \u00e0 un service de proximit\u00e9, vous obtiendrez des r\u00e9ponses fiables \u00e0 vos probl\u00e9matiques.<\/p><p>Nous proposons une gamme compl\u00e8te de mat\u00e9riel informatique, des serveurs puissants aux postes de travail utilisateur, en passant par les p\u00e9riph\u00e9riques r\u00e9seau et les solutions de stockage de donn\u00e9es. Nous travaillons en partenariat avec les principaux fabricants de mat\u00e9riel informatique pour garantir \u00e0 nos clients l&#8217;acc\u00e8s aux technologies les plus r\u00e9centes et les plus performantes du march\u00e9.<\/p><p>En plus de fournir du mat\u00e9riel informatique de qualit\u00e9, nous offrons \u00e9galement des services de consultation, d&#8217;installation et de maintenance afin de garantir une int\u00e9gration r\u00e9ussit de nos solutions dans l&#8217;environnement informatique de nos clients.<\/p>\t\t\t\t\t\t<\/div>\n\t\t\t\t<\/div>\n\t\t\t\t<div class=\"elementor-element elementor-element-4aa96fd8 elementor-widget elementor-widget-image-carousel\" data-id=\"4aa96fd8\" data-element_type=\"widget\" data-settings=\"{&quot;slides_to_show&quot;:&quot;4&quot;,&quot;slides_to_scroll&quot;:&quot;1&quot;,&quot;navigation&quot;:&quot;none&quot;,&quot;pause_on_hover&quot;:&quot;no&quot;,&quot;slides_to_show_tablet&quot;:&quot;3&quot;,&quot;slides_to_show_mobile&quot;:&quot;1&quot;,&quot;image_spacing_custom&quot;:{&quot;unit&quot;:&quot;px&quot;,&quot;size&quot;:80,&quot;sizes&quot;:[]},&quot;autoplay&quot;:&quot;yes&quot;,&quot;pause_on_interaction&quot;:&quot;yes&quot;,&quot;autoplay_speed&quot;:5000,&quot;infinite&quot;:&quot;yes&quot;,&quot;speed&quot;:500,&quot;image_spacing_custom_tablet&quot;:{&quot;unit&quot;:&quot;px&quot;,&quot;size&quot;:&quot;&quot;,&quot;sizes&quot;:[]}}\" data-widget_type=\"image-carousel.default\">\n\t\t\t\t<div class=\"elementor-widget-container\">\n\t\t\t<style>\/*! elementor - v3.21.0 - 26-05-2024 *\/\n.elementor-widget-image-carousel .swiper,.elementor-widget-image-carousel .swiper-container{position:static}.elementor-widget-image-carousel .swiper-container .swiper-slide figure,.elementor-widget-image-carousel .swiper .swiper-slide figure{line-height:inherit}.elementor-widget-image-carousel .swiper-slide{text-align:center}.elementor-image-carousel-wrapper:not(.swiper-container-initialized):not(.swiper-initialized) .swiper-slide{max-width:calc(100% \/ var(--e-image-carousel-slides-to-show, 3))}<\/style>\t\t<div class=\"elementor-image-carousel-wrapper swiper\" dir=\"ltr\">\n\t\t\t<div class=\"elementor-image-carousel swiper-wrapper swiper-image-stretch\" aria-live=\"off\">\n\t\t\t\t\t\t\t\t<div class=\"swiper-slide\" role=\"group\" aria-roledescription=\"slide\" aria-label=\"1 of 5\"><figure class=\"swiper-slide-inner\"><img decoding=\"async\" class=\"swiper-slide-image\" src=\"https:\/\/www.ctai.fr\/wp-content\/uploads\/elementor\/thumbs\/HP-Logo-qmw6sitkspnc28dosbsc60uytr9ua39nfdz4xod2vk.png\" alt=\"HP-Logo\" \/><\/figure><\/div><div class=\"swiper-slide\" role=\"group\" aria-roledescription=\"slide\" aria-label=\"2 of 5\"><figure class=\"swiper-slide-inner\"><img decoding=\"async\" class=\"swiper-slide-image\" src=\"https:\/\/www.ctai.fr\/wp-content\/uploads\/elementor\/thumbs\/synology-dsm-psa-featured-qmu5haldc6qra0091088niv50tp0owpowf3ybbkno0.webp\" alt=\"synology-dsm-psa-featured\" \/><\/figure><\/div><div class=\"swiper-slide\" role=\"group\" aria-roledescription=\"slide\" aria-label=\"3 of 5\"><figure class=\"swiper-slide-inner\"><img decoding=\"async\" class=\"swiper-slide-image\" src=\"https:\/\/www.ctai.fr\/wp-content\/uploads\/elementor\/thumbs\/Canon-Logo-qmu5jygwpae0684zh5o6puo5m4kgi1ab9lnh9jmi1c.png\" alt=\"Canon-Logo\" \/><\/figure><\/div><div class=\"swiper-slide\" role=\"group\" aria-roledescription=\"slide\" aria-label=\"4 of 5\"><figure class=\"swiper-slide-inner\"><img decoding=\"async\" class=\"swiper-slide-image\" src=\"https:\/\/www.ctai.fr\/wp-content\/uploads\/elementor\/thumbs\/Asus-Logo-1995-Present-qmu5o05w4lxg5s9cuencybwloumcn4cphmrqnfmh8w.jpg\" alt=\"Asus-Logo-1995-Pr\u00e9sent\" \/><\/figure><\/div><div class=\"swiper-slide\" role=\"group\" aria-roledescription=\"slide\" aria-label=\"5 of 5\"><figure class=\"swiper-slide-inner\"><img decoding=\"async\" class=\"swiper-slide-image\" src=\"https:\/\/www.ctai.fr\/wp-content\/uploads\/elementor\/thumbs\/Intel_logo_2006-2020.svg_-qmu5o05w4lxg5s9cuencybwloumcn4cphmrqnfmh8w.png\" alt=\"Intel_logo_(2006-2020).svg\" \/><\/figure><\/div>\t\t\t<\/div>\n\t\t\t\t\t\t\t\n\t\t\t\t\t\t\t\t\t<\/div>\n\t\t\t\t<\/div>\n\t\t\t\t<\/div>\n\t\t\t\t<\/div>\n\t\t\t\t<\/div>\n\t\t","protected":false},"excerpt":{"rendered":"<p>Le CTAI propose des solutions en mat\u00e9riel informatique adapt\u00e9es aux besoins de l\u2019entreprise. \u200b Mat\u00e9riel informatique Ordinateur fixe ou serveur d\u00e9di\u00e9 Ordinateur portable Ordinateur tout-en-un Solutions d&#8217;impressions Solutions de sauvegardes NAS Assistance syst\u00e8me (mises \u00e0 jour, plantage, virus&#8230;) Installation du mat\u00e9riel et configuration des appareils Mise en r\u00e9seau, installation d&#8217;applications Que vous cherchiez \u00e0 mettre [&hellip;]<\/p>\n","protected":false},"author":1,"featured_media":121,"parent":0,"menu_order":0,"comment_status":"closed","ping_status":"closed","template":"elementor_header_footer","meta":{"footnotes":""},"class_list":["post-220","page","type-page","status-publish","has-post-thumbnail","hentry"],"_links":{"self":[{"href":"https:\/\/www.ctai.fr\/index.php?rest_route=\/wp\/v2\/pages\/220","targetHints":{"allow":["GET"]}}],"collection":[{"href":"https:\/\/www.ctai.fr\/index.php?rest_route=\/wp\/v2\/pages"}],"about":[{"href":"https:\/\/www.ctai.fr\/index.php?rest_route=\/wp\/v2\/types\/page"}],"author":[{"embeddable":true,"href":"https:\/\/www.ctai.fr\/index.php?rest_route=\/wp\/v2\/users\/1"}],"replies":[{"embeddable":true,"href":"https:\/\/www.ctai.fr\/index.php?rest_route=%2Fwp%2Fv2%2Fcomments&post=220"}],"version-history":[{"count":47,"href":"https:\/\/www.ctai.fr\/index.php?rest_route=\/wp\/v2\/pages\/220\/revisions"}],"predecessor-version":[{"id":1337,"href":"https:\/\/www.ctai.fr\/index.php?rest_route=\/wp\/v2\/pages\/220\/revisions\/1337"}],"wp:featuredmedia":[{"embeddable":true,"href":"https:\/\/www.ctai.fr\/index.php?rest_route=\/wp\/v2\/media\/121"}],"wp:attachment":[{"href":"https:\/\/www.ctai.fr\/index.php?rest_route=%2Fwp%2Fv2%2Fmedia&parent=220"}],"curies":[{"name":"wp","href":"https:\/\/api.w.org\/{rel}","templated":true}]}}