{"id":341,"date":"2024-04-17T13:54:35","date_gmt":"2024-04-17T13:54:35","guid":{"rendered":"https:\/\/www.ctai.fr\/?page_id=341"},"modified":"2025-03-04T15:14:08","modified_gmt":"2025-03-04T15:14:08","slug":"developpement-specifique-realisations","status":"publish","type":"page","link":"https:\/\/www.ctai.fr\/?page_id=341","title":{"rendered":"D\u00e9veloppement sp\u00e9cifique \/ R\u00e9alisations"},"content":{"rendered":"\t\t<div data-elementor-type=\"wp-page\" data-elementor-id=\"341\" class=\"elementor elementor-341\" data-elementor-post-type=\"page\">\n\t\t\t\t<div class=\"elementor-element elementor-element-5cb92b9 e-flex e-con-boxed e-con e-parent\" data-id=\"5cb92b9\" data-element_type=\"container\" data-settings=\"{&quot;background_background&quot;:&quot;gradient&quot;,&quot;shape_divider_bottom&quot;:&quot;waves&quot;}\">\n\t\t\t\t\t<div class=\"e-con-inner\">\n\t\t\t\t<div class=\"elementor-shape elementor-shape-bottom\" data-negative=\"false\">\n\t\t\t<svg xmlns=\"http:\/\/www.w3.org\/2000\/svg\" viewBox=\"0 0 1000 100\" preserveAspectRatio=\"none\">\n\t<path class=\"elementor-shape-fill\" d=\"M421.9,6.5c22.6-2.5,51.5,0.4,75.5,5.3c23.6,4.9,70.9,23.5,100.5,35.7c75.8,32.2,133.7,44.5,192.6,49.7\n\tc23.6,2.1,48.7,3.5,103.4-2.5c54.7-6,106.2-25.6,106.2-25.6V0H0v30.3c0,0,72,32.6,158.4,30.5c39.2-0.7,92.8-6.7,134-22.4\n\tc21.2-8.1,52.2-18.2,79.7-24.2C399.3,7.9,411.6,7.5,421.9,6.5z\"\/>\n<\/svg>\t\t<\/div>\n\t\t\t\t<div class=\"elementor-element elementor-element-4827fe54 elementor-widget elementor-widget-heading\" data-id=\"4827fe54\" data-element_type=\"widget\" data-widget_type=\"heading.default\">\n\t\t\t\t<div class=\"elementor-widget-container\">\n\t\t\t<style>\/*! elementor - v3.21.0 - 26-05-2024 *\/\n.elementor-heading-title{padding:0;margin:0;line-height:1}.elementor-widget-heading .elementor-heading-title[class*=elementor-size-]>a{color:inherit;font-size:inherit;line-height:inherit}.elementor-widget-heading .elementor-heading-title.elementor-size-small{font-size:15px}.elementor-widget-heading .elementor-heading-title.elementor-size-medium{font-size:19px}.elementor-widget-heading .elementor-heading-title.elementor-size-large{font-size:29px}.elementor-widget-heading .elementor-heading-title.elementor-size-xl{font-size:39px}.elementor-widget-heading .elementor-heading-title.elementor-size-xxl{font-size:59px}<\/style><h3 class=\"elementor-heading-title elementor-size-default\">Le CTAI est sp\u00e9cialis\u00e9 en d\u00e9veloppement sp\u00e9cifique, offrant des solutions logicielles sur mesure pour r\u00e9pondre aux besoins uniques de votre entreprise. <\/h3>\t\t<\/div>\n\t\t\t\t<\/div>\n\t\t\t\t<div class=\"elementor-element elementor-element-faffc5d elementor-widget elementor-widget-heading\" data-id=\"faffc5d\" data-element_type=\"widget\" data-widget_type=\"heading.default\">\n\t\t\t\t<div class=\"elementor-widget-container\">\n\t\t\t<h1 class=\"elementor-heading-title elementor-size-default\">D\u00e9veloppement sp\u00e9cifique \/ r\u00e9alisations<\/h1>\t\t<\/div>\n\t\t\t\t<\/div>\n\t\t\t\t\t<\/div>\n\t\t\t\t<\/div>\n\t\t<div class=\"elementor-element elementor-element-2f35a297 e-con-full e-flex e-con e-parent\" data-id=\"2f35a297\" data-element_type=\"container\" data-settings=\"{&quot;background_background&quot;:&quot;classic&quot;}\">\n\t\t\t\t<div class=\"elementor-element elementor-element-6973c51e elementor-widget__width-inherit elementor-widget elementor-widget-text-editor\" data-id=\"6973c51e\" data-element_type=\"widget\" data-widget_type=\"text-editor.default\">\n\t\t\t\t<div class=\"elementor-widget-container\">\n\t\t\t<style>\/*! elementor - v3.21.0 - 26-05-2024 *\/\n.elementor-widget-text-editor.elementor-drop-cap-view-stacked .elementor-drop-cap{background-color:#69727d;color:#fff}.elementor-widget-text-editor.elementor-drop-cap-view-framed .elementor-drop-cap{color:#69727d;border:3px solid;background-color:transparent}.elementor-widget-text-editor:not(.elementor-drop-cap-view-default) .elementor-drop-cap{margin-top:8px}.elementor-widget-text-editor:not(.elementor-drop-cap-view-default) .elementor-drop-cap-letter{width:1em;height:1em}.elementor-widget-text-editor .elementor-drop-cap{float:left;text-align:center;line-height:1;font-size:50px}.elementor-widget-text-editor .elementor-drop-cap-letter{display:inline-block}<\/style>\t\t\t\t<p><strong>Analyse\u00a0<\/strong><\/p><p>Nous travaillons en \u00e9troite collaboration avec vous pour comprendre vos besoins m\u00e9tier sp\u00e9cifiques, vos objectifs et vos contraintes. Nous prenons le temps de discuter en d\u00e9tail de vos exigences pour garantir que la solution que nous d\u00e9veloppons r\u00e9ponde parfaitement \u00e0 vos attentes.<\/p><p><strong>Conception personnalis\u00e9e<\/strong><\/p><p>Notre \u00e9quipe de d\u00e9veloppeurs cr\u00e9e des solutions logicielles enti\u00e8rement personnalis\u00e9es, parfaitement adapt\u00e9es \u00e0 vos besoins. Que ce soit en utilisant des technologies web, mobiles ou cloud, nous concevons des interfaces conviviales et des fonctionnalit\u00e9s innovantes pour offrir une exp\u00e9rience utilisateur exceptionnelle.<\/p><p><strong>D\u00e9veloppement agile<\/strong><\/p><p>Nous suivons une approche agile du d\u00e9veloppement logiciel, ce qui signifie que nous livrons des versions fonctionnelles de votre application \u00e0 intervalles r\u00e9guliers. Cela vous permet de fournir des commentaires tout au long du processus de d\u00e9veloppement et de garantir que la solution finale correspond parfaitement \u00e0 vos attentes.<\/p><p><strong>Int\u00e9gration et d\u00e9ploiement<\/strong><\/p><p>Nous nous occupons de l&#8217;int\u00e9gration transparente de votre nouvelle solution dans votre infrastructure informatique existante, en assurant un d\u00e9ploiement en douceur et sans interruption de service. Nous nous assurons \u00e9galement que votre solution est pr\u00eate \u00e0 l&#8217;emploi et enti\u00e8rement test\u00e9e avant sa mise en production.<\/p><p><strong>Support continu<\/strong><\/p><p>Notre engagement envers nos clients ne s&#8217;arr\u00eate pas \u00e0 la livraison de la solution. Nous offrons un support technique continu pour garantir que votre application fonctionne de mani\u00e8re optimale et r\u00e9pond \u00e0 vos besoins changeants au fil du temps.<\/p>\t\t\t\t\t\t<\/div>\n\t\t\t\t<\/div>\n\t\t\t\t<div class=\"elementor-element elementor-element-4559ed6 elementor-widget elementor-widget-image\" data-id=\"4559ed6\" data-element_type=\"widget\" data-widget_type=\"image.default\">\n\t\t\t\t<div class=\"elementor-widget-container\">\n\t\t\t<style>\/*! elementor - v3.21.0 - 26-05-2024 *\/\n.elementor-widget-image{text-align:center}.elementor-widget-image a{display:inline-block}.elementor-widget-image a img[src$=\".svg\"]{width:48px}.elementor-widget-image img{vertical-align:middle;display:inline-block}<\/style>\t\t\t\t\t\t\t\t\t\t<img decoding=\"async\" src=\"https:\/\/www.ctai.fr\/wp-content\/uploads\/elementor\/thumbs\/prog-qmuh7hrpiya5cn22ibvxu53co15he58spp7oqej4ww.jpg\" title=\"D\u00e9veloppement d&#8217;applications\" alt=\"D\u00e9veloppement d&#039;applications\" loading=\"lazy\" \/>\t\t\t\t\t\t\t\t\t\t\t\t\t<\/div>\n\t\t\t\t<\/div>\n\t\t<div class=\"elementor-element elementor-element-e89259a e-flex e-con-boxed e-con e-child\" data-id=\"e89259a\" data-element_type=\"container\" data-settings=\"{&quot;background_background&quot;:&quot;gradient&quot;}\">\n\t\t\t\t\t<div class=\"e-con-inner\">\n\t\t\t\t<div class=\"elementor-element elementor-element-0e69278 elementor-widget elementor-widget-heading\" data-id=\"0e69278\" data-element_type=\"widget\" data-widget_type=\"heading.default\">\n\t\t\t\t<div class=\"elementor-widget-container\">\n\t\t\t<h2 class=\"elementor-heading-title elementor-size-default\">Nos r\u00e9alisations\n<\/h2>\t\t<\/div>\n\t\t\t\t<\/div>\n\t\t\t\t\t<\/div>\n\t\t\t\t<\/div>\n\t\t<div class=\"elementor-element elementor-element-29dce20 e-flex e-con-boxed e-con e-child\" data-id=\"29dce20\" data-element_type=\"container\">\n\t\t\t\t\t<div class=\"e-con-inner\">\n\t\t<div class=\"elementor-element elementor-element-4f01b20 e-flex e-con-boxed e-con e-child\" data-id=\"4f01b20\" data-element_type=\"container\">\n\t\t\t\t\t<div class=\"e-con-inner\">\n\t\t<div class=\"elementor-element elementor-element-e336a50 e-con-full e-flex e-con e-child\" data-id=\"e336a50\" data-element_type=\"container\">\n\t\t\t\t<div class=\"elementor-element elementor-element-73020db elementor-widget elementor-widget-image\" data-id=\"73020db\" data-element_type=\"widget\" data-widget_type=\"image.default\">\n\t\t\t\t<div class=\"elementor-widget-container\">\n\t\t\t\t\t\t\t\t\t\t\t\t\t\t<a href=\"https:\/\/boutique.capeb.fr\/calculab.html\" target=\"_blank\">\n\t\t\t\t\t\t\t<img decoding=\"async\" src=\"https:\/\/www.ctai.fr\/wp-content\/uploads\/elementor\/thumbs\/calculab-qmxswgioj7swl8396wg286p7q4v2bxmv4w6yy6q500.png\" title=\"calculab\" alt=\"calculab\" loading=\"lazy\" \/>\t\t\t\t\t\t\t\t<\/a>\n\t\t\t\t\t\t\t\t\t\t\t\t\t<\/div>\n\t\t\t\t<\/div>\n\t\t\t\t<div class=\"elementor-element elementor-element-04f9872 elementor-widget elementor-widget-heading\" data-id=\"04f9872\" data-element_type=\"widget\" data-widget_type=\"heading.default\">\n\t\t\t\t<div class=\"elementor-widget-container\">\n\t\t\t<h4 class=\"elementor-heading-title elementor-size-default\"><a href=\"https:\/\/boutique.capeb.fr\/calculab.html\" target=\"_blank\">CalculAB<\/a><\/h4>\t\t<\/div>\n\t\t\t\t<\/div>\n\t\t\t\t<\/div>\n\t\t<div class=\"elementor-element elementor-element-5058704 e-con-full e-flex e-con e-child\" data-id=\"5058704\" data-element_type=\"container\">\n\t\t\t\t<div class=\"elementor-element elementor-element-da9c7d1 elementor-widget elementor-widget-image\" data-id=\"da9c7d1\" data-element_type=\"widget\" data-widget_type=\"image.default\">\n\t\t\t\t<div class=\"elementor-widget-container\">\n\t\t\t\t\t\t\t\t\t\t\t\t\t\t<a href=\"https:\/\/nutri-info.ctmp.org\/\" target=\"_blank\">\n\t\t\t\t\t\t\t<img decoding=\"async\" src=\"https:\/\/www.ctai.fr\/wp-content\/uploads\/elementor\/thumbs\/nutriinfo-qmxswbthl1mgz6a2ycexdpvwr7i89g47g8xjjsx3v4.png\" title=\"nutriinfo\" alt=\"nutriinfo\" loading=\"lazy\" \/>\t\t\t\t\t\t\t\t<\/a>\n\t\t\t\t\t\t\t\t\t\t\t\t\t<\/div>\n\t\t\t\t<\/div>\n\t\t\t\t<div class=\"elementor-element elementor-element-2220275 elementor-widget elementor-widget-heading\" data-id=\"2220275\" data-element_type=\"widget\" data-widget_type=\"heading.default\">\n\t\t\t\t<div class=\"elementor-widget-container\">\n\t\t\t<h4 class=\"elementor-heading-title elementor-size-default\"><a href=\"https:\/\/nutri-info.ctmp.org\/\" target=\"_blank\">Nutri Info<\/a><\/h4>\t\t<\/div>\n\t\t\t\t<\/div>\n\t\t\t\t<\/div>\n\t\t<div class=\"elementor-element elementor-element-51336b5 e-con-full e-flex e-con e-child\" data-id=\"51336b5\" data-element_type=\"container\">\n\t\t\t\t<div class=\"elementor-element elementor-element-e2981d2 elementor-widget elementor-widget-image\" data-id=\"e2981d2\" data-element_type=\"widget\" data-widget_type=\"image.default\">\n\t\t\t\t<div class=\"elementor-widget-container\">\n\t\t\t\t\t\t\t\t\t\t\t\t\t\t<a href=\"https:\/\/www.domisoft.fr\" target=\"_blank\">\n\t\t\t\t\t\t\t<img fetchpriority=\"high\" decoding=\"async\" width=\"300\" height=\"250\" src=\"https:\/\/www.ctai.fr\/wp-content\/uploads\/2025\/03\/logo_domisoft_fondbleu_carre-300x250.jpg\" class=\"attachment-medium size-medium wp-image-1397\" alt=\"\" srcset=\"https:\/\/www.ctai.fr\/wp-content\/uploads\/2025\/03\/logo_domisoft_fondbleu_carre-300x250.jpg 300w, https:\/\/www.ctai.fr\/wp-content\/uploads\/2025\/03\/logo_domisoft_fondbleu_carre.jpg 603w\" sizes=\"(max-width: 300px) 100vw, 300px\" \/>\t\t\t\t\t\t\t\t<\/a>\n\t\t\t\t\t\t\t\t\t\t\t\t\t<\/div>\n\t\t\t\t<\/div>\n\t\t\t\t<div class=\"elementor-element elementor-element-f236ae8 elementor-widget elementor-widget-heading\" data-id=\"f236ae8\" data-element_type=\"widget\" data-widget_type=\"heading.default\">\n\t\t\t\t<div class=\"elementor-widget-container\">\n\t\t\t<h4 class=\"elementor-heading-title elementor-size-default\"><a href=\"https:\/\/www.domisoft.fr\" target=\"_blank\">Domisoft<\/a><\/h4>\t\t<\/div>\n\t\t\t\t<\/div>\n\t\t\t\t<\/div>\n\t\t<div class=\"elementor-element elementor-element-b3ca754 e-con-full e-flex e-con e-child\" data-id=\"b3ca754\" data-element_type=\"container\">\n\t\t\t\t<div class=\"elementor-element elementor-element-b804fff elementor-widget elementor-widget-image\" data-id=\"b804fff\" data-element_type=\"widget\" data-widget_type=\"image.default\">\n\t\t\t\t<div class=\"elementor-widget-container\">\n\t\t\t\t\t\t\t\t\t\t\t\t\t\t<a href=\"https:\/\/www.capeb.fr\/actualites\/nouvel-outil-capeb-pour-le-calcul-de-vos-indemnites-de-trajet-et-de-transport\" target=\"_blank\">\n\t\t\t\t\t\t\t<img decoding=\"async\" src=\"https:\/\/www.ctai.fr\/wp-content\/uploads\/elementor\/thumbs\/deplacementBTP-qmxsvynqxd3bjg4mf1d8cljfo4eopwpljgt2s0eon8.png\" title=\"deplacementBTP\" alt=\"deplacementBTP\" loading=\"lazy\" \/>\t\t\t\t\t\t\t\t<\/a>\n\t\t\t\t\t\t\t\t\t\t\t\t\t<\/div>\n\t\t\t\t<\/div>\n\t\t\t\t<div class=\"elementor-element elementor-element-f1f045f elementor-widget elementor-widget-heading\" data-id=\"f1f045f\" data-element_type=\"widget\" data-widget_type=\"heading.default\">\n\t\t\t\t<div class=\"elementor-widget-container\">\n\t\t\t<h4 class=\"elementor-heading-title elementor-size-default\"><a href=\"https:\/\/www.capeb.fr\/actualites\/nouvel-outil-capeb-pour-le-calcul-de-vos-indemnites-de-trajet-et-de-transport\" target=\"_blank\">D\u00e9placementsBTP<\/a><\/h4>\t\t<\/div>\n\t\t\t\t<\/div>\n\t\t\t\t<\/div>\n\t\t<div class=\"elementor-element elementor-element-77f6287 e-con-full e-flex e-con e-child\" data-id=\"77f6287\" data-element_type=\"container\">\n\t\t\t\t<div class=\"elementor-element elementor-element-8214f20 elementor-widget elementor-widget-image\" data-id=\"8214f20\" data-element_type=\"widget\" data-widget_type=\"image.default\">\n\t\t\t\t<div class=\"elementor-widget-container\">\n\t\t\t\t\t\t\t\t\t\t\t\t\t\t<a href=\"http:\/\/appli.prevention-artisanat.fr\/\" target=\"_blank\">\n\t\t\t\t\t\t\t<img decoding=\"async\" src=\"https:\/\/www.ctai.fr\/wp-content\/uploads\/elementor\/thumbs\/du-qmxsw9xt7djwbyct9blo8qczkfrhu1wqrzmkl8zw7k.jpg\" title=\"du\" alt=\"du\" loading=\"lazy\" \/>\t\t\t\t\t\t\t\t<\/a>\n\t\t\t\t\t\t\t\t\t\t\t\t\t<\/div>\n\t\t\t\t<\/div>\n\t\t\t\t<div class=\"elementor-element elementor-element-28ab7db elementor-widget elementor-widget-heading\" data-id=\"28ab7db\" data-element_type=\"widget\" data-widget_type=\"heading.default\">\n\t\t\t\t<div class=\"elementor-widget-container\">\n\t\t\t<h4 class=\"elementor-heading-title elementor-size-default\"><a href=\"http:\/\/appli.prevention-artisanat.fr\/\" target=\"_blank\">Document Unique<\/a><\/h4>\t\t<\/div>\n\t\t\t\t<\/div>\n\t\t\t\t<\/div>\n\t\t<div class=\"elementor-element elementor-element-2c730d0 e-con-full e-flex e-con e-child\" data-id=\"2c730d0\" data-element_type=\"container\">\n\t\t\t\t<div class=\"elementor-element elementor-element-c326ed8 elementor-widget elementor-widget-image\" data-id=\"c326ed8\" data-element_type=\"widget\" data-widget_type=\"image.default\">\n\t\t\t\t<div class=\"elementor-widget-container\">\n\t\t\t\t\t\t\t\t\t\t\t\t\t\t<a href=\"https:\/\/www.moncigac.eu\/users\/sign_in\" target=\"_blank\">\n\t\t\t\t\t\t\t<img decoding=\"async\" width=\"209\" height=\"60\" src=\"https:\/\/www.ctai.fr\/wp-content\/uploads\/2024\/04\/logo_cigac.png\" class=\"attachment-full size-full wp-image-728\" alt=\"\" \/>\t\t\t\t\t\t\t\t<\/a>\n\t\t\t\t\t\t\t\t\t\t\t\t\t<\/div>\n\t\t\t\t<\/div>\n\t\t\t\t<div class=\"elementor-element elementor-element-edd0840 elementor-widget elementor-widget-heading\" data-id=\"edd0840\" data-element_type=\"widget\" data-widget_type=\"heading.default\">\n\t\t\t\t<div class=\"elementor-widget-container\">\n\t\t\t<h4 class=\"elementor-heading-title elementor-size-default\"><a href=\"https:\/\/www.moncigac.eu\/users\/sign_in\" target=\"_blank\">moncigac.eu<\/a><\/h4>\t\t<\/div>\n\t\t\t\t<\/div>\n\t\t\t\t<\/div>\n\t\t<div class=\"elementor-element elementor-element-7d2c50a e-con-full e-flex e-con e-child\" data-id=\"7d2c50a\" data-element_type=\"container\">\n\t\t\t\t<div class=\"elementor-element elementor-element-7baf463 elementor-widget elementor-widget-image\" data-id=\"7baf463\" data-element_type=\"widget\" data-widget_type=\"image.default\">\n\t\t\t\t<div class=\"elementor-widget-container\">\n\t\t\t\t\t\t\t\t\t\t\t\t\t\t<a href=\"https:\/\/www.macorpo.com\/\" target=\"_blank\">\n\t\t\t\t\t\t\t<img decoding=\"async\" width=\"150\" height=\"147\" src=\"https:\/\/www.ctai.fr\/wp-content\/uploads\/2024\/04\/logo_macorpo.png\" class=\"attachment-large size-large wp-image-732\" alt=\"\" \/>\t\t\t\t\t\t\t\t<\/a>\n\t\t\t\t\t\t\t\t\t\t\t\t\t<\/div>\n\t\t\t\t<\/div>\n\t\t\t\t<div class=\"elementor-element elementor-element-69aa142 elementor-widget elementor-widget-heading\" data-id=\"69aa142\" data-element_type=\"widget\" data-widget_type=\"heading.default\">\n\t\t\t\t<div class=\"elementor-widget-container\">\n\t\t\t<h4 class=\"elementor-heading-title elementor-size-default\"><a href=\"https:\/\/www.macorpo.com\/\" target=\"_blank\">macorpo.com<\/a><\/h4>\t\t<\/div>\n\t\t\t\t<\/div>\n\t\t\t\t<\/div>\n\t\t<div class=\"elementor-element elementor-element-ae63dc3 e-con-full e-flex e-con e-child\" data-id=\"ae63dc3\" data-element_type=\"container\">\n\t\t<div class=\"elementor-element elementor-element-dab3d1d e-flex e-con-boxed e-con e-child\" data-id=\"dab3d1d\" data-element_type=\"container\">\n\t\t\t\t\t<div class=\"e-con-inner\">\n\t\t\t\t\t<\/div>\n\t\t\t\t<\/div>\n\t\t\t\t<\/div>\n\t\t\t\t\t<\/div>\n\t\t\t\t<\/div>\n\t\t\t\t\t<\/div>\n\t\t\t\t<\/div>\n\t\t\t\t<\/div>\n\t\t<div class=\"elementor-element elementor-element-97c6b17 e-flex e-con-boxed e-con e-parent\" data-id=\"97c6b17\" data-element_type=\"container\">\n\t\t\t\t\t<div class=\"e-con-inner\">\n\t\t\t\t<div class=\"elementor-element elementor-element-5be8c6c elementor-widget elementor-widget-heading\" data-id=\"5be8c6c\" data-element_type=\"widget\" data-widget_type=\"heading.default\">\n\t\t\t\t<div class=\"elementor-widget-container\">\n\t\t\t<h4 class=\"elementor-heading-title elementor-size-default\">Applications r\u00e9alis\u00e9es pour nos partenaires<\/h4>\t\t<\/div>\n\t\t\t\t<\/div>\n\t\t\t\t\t<\/div>\n\t\t\t\t<\/div>\n\t\t<div class=\"elementor-element elementor-element-16bcb44 e-flex e-con-boxed e-con e-parent\" data-id=\"16bcb44\" data-element_type=\"container\">\n\t\t\t\t\t<div class=\"e-con-inner\">\n\t\t<div class=\"elementor-element elementor-element-d4c4dee e-con-full e-flex e-con e-child\" data-id=\"d4c4dee\" data-element_type=\"container\">\n\t\t\t\t<div class=\"elementor-element elementor-element-ddbf13e elementor-widget elementor-widget-image\" data-id=\"ddbf13e\" data-element_type=\"widget\" data-widget_type=\"image.default\">\n\t\t\t\t<div class=\"elementor-widget-container\">\n\t\t\t\t\t\t\t\t\t\t\t\t\t\t<a href=\"https:\/\/www.ctcpa.org\/\" target=\"_blank\">\n\t\t\t\t\t\t\t<img loading=\"lazy\" decoding=\"async\" width=\"260\" height=\"98\" src=\"https:\/\/www.ctai.fr\/wp-content\/uploads\/2024\/04\/logo_ctcpa.png\" class=\"attachment-large size-large wp-image-729\" alt=\"\" \/>\t\t\t\t\t\t\t\t<\/a>\n\t\t\t\t\t\t\t\t\t\t\t\t\t<\/div>\n\t\t\t\t<\/div>\n\t\t\t\t<\/div>\n\t\t<div class=\"elementor-element elementor-element-7e686f7 e-con-full e-flex e-con e-child\" data-id=\"7e686f7\" data-element_type=\"container\">\n\t\t\t\t<div class=\"elementor-element elementor-element-ccd367d elementor-widget elementor-widget-image\" data-id=\"ccd367d\" data-element_type=\"widget\" data-widget_type=\"image.default\">\n\t\t\t\t<div class=\"elementor-widget-container\">\n\t\t\t\t\t\t\t\t\t\t\t\t\t\t<a href=\"https:\/\/www.ctmp.org\/\" target=\"_blank\">\n\t\t\t\t\t\t\t<img loading=\"lazy\" decoding=\"async\" width=\"225\" height=\"225\" src=\"https:\/\/www.ctai.fr\/wp-content\/uploads\/2024\/04\/logo_ctmp.jpeg\" class=\"attachment-large size-large wp-image-731\" alt=\"\" srcset=\"https:\/\/www.ctai.fr\/wp-content\/uploads\/2024\/04\/logo_ctmp.jpeg 225w, https:\/\/www.ctai.fr\/wp-content\/uploads\/2024\/04\/logo_ctmp-150x150.jpeg 150w, https:\/\/www.ctai.fr\/wp-content\/uploads\/2024\/04\/elementor\/thumbs\/logo_ctmp-qmxtiyrk6em2l3ebrmogxi8js9xgn0zhkajimpcs0g.jpeg 200w\" sizes=\"(max-width: 225px) 100vw, 225px\" \/>\t\t\t\t\t\t\t\t<\/a>\n\t\t\t\t\t\t\t\t\t\t\t\t\t<\/div>\n\t\t\t\t<\/div>\n\t\t\t\t<\/div>\n\t\t<div class=\"elementor-element elementor-element-ecbeee8 e-con-full e-flex e-con e-child\" data-id=\"ecbeee8\" data-element_type=\"container\">\n\t\t\t\t<div class=\"elementor-element elementor-element-05b0f36 elementor-widget elementor-widget-image\" data-id=\"05b0f36\" data-element_type=\"widget\" data-widget_type=\"image.default\">\n\t\t\t\t<div class=\"elementor-widget-container\">\n\t\t\t\t\t\t\t\t\t\t\t\t\t\t<a href=\"https:\/\/www.capeb.fr\/\" target=\"_blank\">\n\t\t\t\t\t\t\t<img loading=\"lazy\" decoding=\"async\" width=\"315\" height=\"160\" src=\"https:\/\/www.ctai.fr\/wp-content\/uploads\/2024\/04\/logo_capeb.png\" class=\"attachment-large size-large wp-image-730\" alt=\"\" srcset=\"https:\/\/www.ctai.fr\/wp-content\/uploads\/2024\/04\/logo_capeb.png 315w, https:\/\/www.ctai.fr\/wp-content\/uploads\/2024\/04\/logo_capeb-300x152.png 300w\" sizes=\"(max-width: 315px) 100vw, 315px\" \/>\t\t\t\t\t\t\t\t<\/a>\n\t\t\t\t\t\t\t\t\t\t\t\t\t<\/div>\n\t\t\t\t<\/div>\n\t\t\t\t<\/div>\n\t\t<div class=\"elementor-element elementor-element-e0a6d2e e-con-full e-flex e-con e-child\" data-id=\"e0a6d2e\" data-element_type=\"container\">\n\t\t\t\t<div class=\"elementor-element elementor-element-d91e423 elementor-widget elementor-widget-image\" data-id=\"d91e423\" data-element_type=\"widget\" data-widget_type=\"image.default\">\n\t\t\t\t<div class=\"elementor-widget-container\">\n\t\t\t\t\t\t\t\t\t\t\t\t\t\t<a href=\"https:\/\/www.macorpo.com\/\" target=\"_blank\">\n\t\t\t\t\t\t\t<img decoding=\"async\" width=\"150\" height=\"147\" src=\"https:\/\/www.ctai.fr\/wp-content\/uploads\/2024\/04\/logo_macorpo.png\" class=\"attachment-large size-large wp-image-732\" alt=\"\" \/>\t\t\t\t\t\t\t\t<\/a>\n\t\t\t\t\t\t\t\t\t\t\t\t\t<\/div>\n\t\t\t\t<\/div>\n\t\t\t\t<\/div>\n\t\t\t\t<div class=\"elementor-element elementor-element-9f2fa72 elementor-widget elementor-widget-image\" data-id=\"9f2fa72\" data-element_type=\"widget\" data-widget_type=\"image.default\">\n\t\t\t\t<div class=\"elementor-widget-container\">\n\t\t\t\t\t\t\t\t\t\t\t\t\t\t<a href=\"https:\/\/www.cabinet-comptable-cigac.fr\/\" target=\"_blank\">\n\t\t\t\t\t\t\t<img loading=\"lazy\" decoding=\"async\" width=\"209\" height=\"60\" src=\"https:\/\/www.ctai.fr\/wp-content\/uploads\/2024\/04\/logo_cigac.png\" class=\"attachment-large size-large wp-image-728\" alt=\"\" \/>\t\t\t\t\t\t\t\t<\/a>\n\t\t\t\t\t\t\t\t\t\t\t\t\t<\/div>\n\t\t\t\t<\/div>\n\t\t\t\t\t<\/div>\n\t\t\t\t<\/div>\n\t\t\t\t<\/div>\n\t\t","protected":false},"excerpt":{"rendered":"<p>Le CTAI est sp\u00e9cialis\u00e9 en d\u00e9veloppement sp\u00e9cifique, offrant des solutions logicielles sur mesure pour r\u00e9pondre aux besoins uniques de votre entreprise. D\u00e9veloppement sp\u00e9cifique \/ r\u00e9alisations Analyse\u00a0 Nous travaillons en \u00e9troite collaboration avec vous pour comprendre vos besoins m\u00e9tier sp\u00e9cifiques, vos objectifs et vos contraintes. Nous prenons le temps de discuter en d\u00e9tail de vos exigences [&hellip;]<\/p>\n","protected":false},"author":1,"featured_media":121,"parent":0,"menu_order":0,"comment_status":"closed","ping_status":"closed","template":"elementor_header_footer","meta":{"footnotes":""},"class_list":["post-341","page","type-page","status-publish","has-post-thumbnail","hentry"],"_links":{"self":[{"href":"https:\/\/www.ctai.fr\/index.php?rest_route=\/wp\/v2\/pages\/341","targetHints":{"allow":["GET"]}}],"collection":[{"href":"https:\/\/www.ctai.fr\/index.php?rest_route=\/wp\/v2\/pages"}],"about":[{"href":"https:\/\/www.ctai.fr\/index.php?rest_route=\/wp\/v2\/types\/page"}],"author":[{"embeddable":true,"href":"https:\/\/www.ctai.fr\/index.php?rest_route=\/wp\/v2\/users\/1"}],"replies":[{"embeddable":true,"href":"https:\/\/www.ctai.fr\/index.php?rest_route=%2Fwp%2Fv2%2Fcomments&post=341"}],"version-history":[{"count":46,"href":"https:\/\/www.ctai.fr\/index.php?rest_route=\/wp\/v2\/pages\/341\/revisions"}],"predecessor-version":[{"id":1400,"href":"https:\/\/www.ctai.fr\/index.php?rest_route=\/wp\/v2\/pages\/341\/revisions\/1400"}],"wp:featuredmedia":[{"embeddable":true,"href":"https:\/\/www.ctai.fr\/index.php?rest_route=\/wp\/v2\/media\/121"}],"wp:attachment":[{"href":"https:\/\/www.ctai.fr\/index.php?rest_route=%2Fwp%2Fv2%2Fmedia&parent=341"}],"curies":[{"name":"wp","href":"https:\/\/api.w.org\/{rel}","templated":true}]}}